**4/24 + h**3/2 - 270*h**2 + 1. Let x be 60/14 + (-6)/21. Suppose -x*l = l. Give o(l).
3
Let f(z) be the second derivative of z**3 - 13*z**2/2 + 23*z + 15. What is f(3)?
5
Let f(y) = -y**2 - 5*y + 11. Let m be (-1)/2 + ((-54)/4)/(-3). Let j be (6 + -2)/((-2)/m). What is f(j)?
-13
Let z(u) = -u**2 - u + 3. Let m(q) = 3*q**3 + 7*q**2 + 7*q - 1. Let p(y) = 2*y**3 + 3*y**2 + 4*y. Let b(i) = -3*m(i) + 5*p(i). Let s be b(6). Give z(s).
-3
Let a(x) = 1 + 42*x**3 + 64*x**3 - 105*x**3. Suppose -b = 2*b + 18. Let c(n) = -n**2 - 7*n - 6. Let h be c(b). Give a(h).
1
Let c(f) = 3 - 2 - 1 - 1 - f - 5. Determine c(-1).
-5
Let y(u) = u**3 + 12*u**2 + 12*u + 3. Suppose 24 = -4*j - 14*n + 10*n, j - 9 = -4*n. What is y(j)?
-8
Let a(o) be the third derivative of 16*o**2 + 1/3*o**4 + 1/3*o**3 + 0 - 1/10*o**5 + 0*o - 1/120*o**6. What is a(-7)?
-5
Let h(s) = s**2 + 5*s + 1. Let g be h(-3). Let t(n) = 1642 - 559 + n**2 - 550 + 6*n - 540. Give t(g).
-12
Let i(j) = -j**3 - 6*j**2 - 4*j - 5. Let v = 16 - 16. Suppose v + 2 = -2*x, 1 = 3*d - x. Suppose -w = 5 - d. What is i(w)?
-10
Let k be (-74)/(2 + -8 + 4). Let w(n) = -2*n - k + 70 - 28. Determine w(-4).
13
Let i(u) = 2*u + 3. Let p be i(-5). Let c(x) = 4 + 0*x + 0 - 425*x**3 + 4 + 8*x - 6*x**2 + 424*x**3. Give c(p).
1
Let i(s) = -s - 10. Suppose 5*q - 5*d = 60, 0 = -4*q - d + 31 + 32. Let a be (-1)/2*3*80/q. Determine i(a).
-2
Suppose -76 = 4*h + 34*h. Let o(m) = -6*m - 11. What is o(h)?
1
Suppose 724*q = 707*q - 51. Let d(z) = 3*z. Give d(q).
-9
Let a(m) = -m**2 + 14*m - 13. Let b be (-275)/(-22) - (-1)/2. Calculate a(b).
0
Let s be (16/20)/(4/20). Let b(t) = -t**3 + s*t**2 - 3*t**2 + t**2 - 1 + 2*t**2. Calculate b(4).
-1
Let i(n) = -n - 4. Let c(h) = -h - 4. Let r(v) = 5*c(v) - 6*i(v). Give r(-4).
0
Suppose -29 + 29 = 39*u + 98*u. Let z(s) be the second derivative of -s**4/12 - s**3/6 - 3*s**2 - s. Determine z(u).
-6
Let x = 40 + -4. Let k = x + -35. Let b(d) = d**2 - 6*d + 10. Let m(a) = a - 1. Let l(o) = k*b(o) - 5*m(o). Calculate l(10).
5
Suppose g + 4 - 9 = -2*b, 8 = 2*g + 2*b. Let d(r) = -r**2 + 0*r**2 + 7*r**3 - 1 + 2*r - 5*r**3 + g. Calculate d(-2).
-22
Let w = 9 + -10. Let k be ((-2)/(2/(-1)))/w. Let i be -5*4/(5 + k). Let q(d) = d**3 + 5*d**2 - 3*d - 7. What is q(i)?
8
Let z(j) be the first derivative of 1/4*j**4 + 4/3*j**3 - 10 + j + 3/2*j**2. What is z(-2)?
3
Let p(j) be the first derivative of 4*j**2 - 4*j - 136. Give p(6).
44
Let z(k) = -13*k**2 + 12*k - 29. Let f(m) = 7*m**2 - 7*m + 16. Let j(n) = -11*f(n) - 6*z(n). What is j(-6)?
4
Suppose -20 - 8 = 7*i. Let y(n) = n**3 + 7*n**2 + 7*n + 8. Let d be y(-6). Let r(x) = x**3 - 5*x + d*x - 2*x**2 + 5*x**2. Determine r(i).
-4
Let d(w) = 19*w + 3. Let r(q) = -96*q - 16. Let n(h) = 11*d(h) + 2*r(h). Suppose 6*f - 34*f = -252. Let i be 1 + (-3)/f*0. Calculate n(i).
18
Let f(l) = 2*l**3 + 0*l + 5*l**2 + 3 - 7*l - l**3. Let s(m) = m**3 - 8*m**2 + m + 1. Let o be s(8). Suppose 33 = -7*x - o. Calculate f(x).
9
Suppose 0 = d - 79 + 1. Suppose 17*k - d = 4*k. Let i(w) = 2*w. What is i(k)?
12
Let j(s) = s**3 - 4*s**2 - 2*s - 20. Let p(l) = -2*l**3 + 8*l**2 + 3*l + 44. Let i(a) = -13*j(a) - 6*p(a). What is i(5)?
11
Let j be (-9)/3*1 + 4. Let m = j - -5. Let i(h) = -2*h - 5 - m*h + h + 2*h + h**2. Give i(5).
-5
Let i(j) = -3*j - 18. Suppose -47*h - 53 = 511. What is i(h)?
18
Let f(q) = q + 25. Let v = 470 + -487. Determine f(v).
8
Let f be -3*(-2)/8 - (-180)/144. Let g(q) be the third derivative of 0*q**4 + 0 + 0*q + 1/6*q**3 + 1/20*q**6 + 0*q**5 - 15*q**f. Give g(-1).
-5
Suppose -4*r + 4*p + 67 = 7, 0 = 5*p + 25. Suppose 5*g + 0 = r. Let x(h) = -g*h**2 - 2*h + 8*h**2 + 0 - 1. Calculate x(-1).
7
Let c(v) = -2*v + 1. Let k(x) = -x. Let r be -10*3*4/(-30). Let z(f) = r*c(f) - 9*k(f). Suppose 14*n = -5 - 3 - 34. Calculate z(n).
1
Let s(l) = -11*l - 2. Let d(h) = -31*h - 5. Let x(p) = 6*d(p) - 17*s(p). Calculate x(6).
10
Let s(u) = 75*u - 29*u - 21*u - 26*u + 12. Give s(5).
7
Let q(f) = -2*f**2 - 3*f. Suppose -2*o = -4*o + 5*v - 192, o + v + 103 = 0. Let i = -103 - o. Give q(i).
-2
Suppose 0 = 5*r - r + 8. Let l(b) be the first derivative of -b**3 - 3*b**2/2 + 41. Calculate l(r).
-6
Let z(m) = -10 + 0*m**2 + 3 - 5338*m + 5348*m + m**2. What is z(-11)?
4
Let c(k) be the first derivative of -3*k**2/2 - 4*k - 36. Calculate c(-3).
5
Let m(f) = 6*f**2 + 1 + 2*f - 14*f**2 + 9 + 0 - f**3. Suppose -41*j + 21*j = 160. Determine m(j).
-6
Let q = 134 + -134. Let v(p) = 4*p + 4. Let c(o) = o - 1. Let j be 0 - -3*(2 + -1). Let s(b) = j*c(b) - v(b). Determine s(q).
-7
Suppose 112 = -o + 132. Suppose -o*z + 28*z = -24. Let j(h) = -2*h**3 - 5*h**2 - 3*h - 1. Determine j(z).
17
Let t be ((-8)/48)/(1/(-6)). Let s be 2/(-8)*(t + -5). Let z(k) = 10 + k + s - 8. Give z(-3).
0
Let w(l) = l**2 + 6*l**3 + 5*l - 7*l**3 + 2*l**2 - 2 + 4. Let h be w(4). Let b(v) = v**2 - 3*v - 4. Determine b(h).
14
Let u(v) be the second derivative of v**3/6 - 2*v**2 + v - 104. Calculate u(3).
-1
Let i(z) = 0 + 0*z + 4 + 0 + 0*z - 3*z**2 + z. Calculate i(2).
-6
Let f(o) = -3*o**3 - 2*o**2 - 2*o - 1. Let p = 524 + -525. Calculate f(p).
2
Let x(o) = -12*o**3 - 18*o**2 - 7*o - 45. Let c(f) = -19*f**3 - 27*f**2 - 11*f - 68. Let j(p) = 5*c(p) - 8*x(p). Give j(-9).
11
Let k(h) = -h**3 + h**2 + 9*h - 8. Let c(x) = x**2. Let l(z) = -6*c(z) - k(z). Let a be ((-156)/(-9))/2 - (-6)/(-9). Calculate l(a).
0
Let r(p) = -p**2 - 2*p - 2. Let d be r(-4). Let h be (-8)/12*(10 - 1). Let l = h - d. Let y(k) = k**2 - k - 4. Determine y(l).
8
Let h(w) = -w**3 - 4*w**2 + 5*w + 2. Suppose 8 = 2*b + 2*b. Suppose 2*s = -4*k + 2, -5*s + 0*k + 50 = -5*k. Suppose 0 = -b*z + s*z + 25. Calculate h(z).
2
Let f(w) be the first derivative of 2*w**2 - w + 150. Give f(1).
3
Let b(f) be the second derivative of -2*f**3/3 - f**2 - 4*f - 82. What is b(14)?
-58
Let w(a) be the third derivative of -a**6/120 - a**5/12 + a**4/4 + 2*a**3/3 - 256*a**2. Calculate w(-6).
4
Let q(o) be the first derivative of 23 + 0*o + 0*o**2 + 0*o**3 + 19/4*o**4. What is q(-1)?
-19
Let i be (0 + 26/(-12))/(68/(-408)). Let o(l) = -l**2 + 13*l - 3. Give o(i).
-3
Let b(l) = -l + 17. Let q be b(11). Let a(u) be the first derivative of u**3/3 - 3*u**2/2 - 8*u + 1. Determine a(q).
10
Suppose -3*t - s + 12 = -4*s, -4*t = -3*s - 13. Let y(i) = 7*i**2 - 2*i + 1. Calculate y(t).
6
Let g(f) = -f**3 + 5*f**2 + 6*f - 6. Let y = 101 + -80. Let b be (-150)/(-24) + (y/12 - 2). Calculate g(b).
-6
Let p(k) = -54 + 3*k - 76 + 115. What is p(6)?
3
Let x = 467 + -470. Let f(a) = 7*a + 4. Calculate f(x).
-17
Let n(w) = w**2 - 2*w - 1. Let t be n(-2). Suppose -4 = q - t. Let s(i) = i**3 - 3*i**2 + i + 2. Determine s(q).
5
Suppose -161*q = -159*q + 12. Let w(r) = -r**3 - 5*r**2 + 8*r + 6. Determine w(q).
-6
Let u(j) = -j - 10. Let x be u(-13). Let c(f) = -3 - x*f + 1 + 2 + 2. Determine c(2).
-4
Suppose 36 = 2*q + 2*q. Let f(s) be the first derivative of -s**3/3 + 9*s**2/2 + 7*s - 172. What is f(q)?
7
Let d(m) = 2*m + 6. Let o = 512 - 517. Give d(o).
-4
Let l be 2 - ((-52)/16 + (-2)/(-8)). Let d(c) = c**3 - 6*c**2 + 5*c - 3. What is d(l)?
-3
Let a(u) be the first derivative of u**2/2 - 68. Give a(-2).
-2
Suppose -q - q + b = -6, -16 = -3*q + 5*b. Let o(j) = 1 + 1 - j**q + 0*j - 6*j + 0. Calculate o(-7).
-5
Let q(b) = -27*b - 79. Let v(p) = -51*p - 159. Let y(u) = -11*q(u) + 6*v(u). Determine y(-9).
-4
Suppose -2*d = -0*d. Let s(m) be the first derivative of -3 + 1/2*m**2 - 1/4*m**4 + 11*m - 1/3*m**3. Give s(d).
11
Let d(f) = -34*f - 15*f + 44*f + f**3 + 4*f**2. Calculate d(-5).
0
Let z be (-18)/(-5)*(-80)/(-48). Let d(j) = 3*j + 5. Give d(z).
23
Let u(m) = m**3 + m**2 - 2*m + 3. Let a be 1/(((-6)/4)/3). Let h be (-1)/(a/24*-4). Give u(h).
-9
Let l(m) = 11*m**2 + 6*m + 5. Let a be 304/(-14) - 4/14. Let r = a + 14. Let x(g) = -7*g**2 - 4*g - 3. Let s(b) = r*x(b) - 5*l(b). Calculate s(-4).
7
Let s(j) = j**3 - j + 4. Let t(x) = 2*x - 18. Let y be t(9). Suppose y = -5*n - 21 + 21. What is s(n)?
4
Let u(q) = -3*q + 6. Let p = 140 + -139. Give u(p).
3
Suppose -3*q - q = 16. Let v(d) be the first derivative of -d**2 - 6*d + 883. Calculate v(q).
2
Let j(g) = 2*g**2 - 2*g - 6. Let v be j(-2). Suppose v*z - 4*z = -2. Let n(h) = 14*h + 1. What is n(z)?
-13
Let x(t) = t**3 + 2*t**2 + 2*t - 2. Suppose 0*w = -2*